{"version":"1.0","provider_name":"aphasie suisse","provider_url":"https:\/\/aphasie.org\/fr\/","author_name":"aphasie","author_url":"https:\/\/aphasie.org\/fr\/author\/aphasie\/","title":"aphasie suisse | Galerie d'images","type":"rich","width":600,"height":338,"html":"<blockquote class=\"wp-embedded-content\" data-secret=\"tsBcDx8CV0\"><a href=\"https:\/\/aphasie.org\/fr\/bildergalerie\/\">Galerie d&rsquo;images<\/a><\/blockquote><iframe sandbox=\"allow-scripts\" security=\"restricted\" src=\"https:\/\/aphasie.org\/fr\/bildergalerie\/embed\/#?secret=tsBcDx8CV0\" width=\"600\" height=\"338\" title=\"\u00ab\u00a0Galerie d&rsquo;images\u00a0\u00bb &#8212; aphasie suisse\" data-secret=\"tsBcDx8CV0\" frameborder=\"0\" marginwidth=\"0\" marginheight=\"0\" scrolling=\"no\" class=\"wp-embedded-content\"><\/iframe><script>\n\/*! This file is auto-generated *\/\n!function(d,l){\"use strict\";l.querySelector&&d.addEventListener&&\"undefined\"!=typeof URL&&(d.wp=d.wp||{},d.wp.receiveEmbedMessage||(d.wp.receiveEmbedMessage=function(e){var t=e.data;if((t||t.secret||t.message||t.value)&&!\/[^a-zA-Z0-9]\/.test(t.secret)){for(var s,r,n,a=l.querySelectorAll('iframe[data-secret=\"'+t.secret+'\"]'),o=l.querySelectorAll('blockquote[data-secret=\"'+t.secret+'\"]'),c=new RegExp(\"^https?:$\",\"i\"),i=0;i<o.length;i++)o[i].style.display=\"none\";for(i=0;i<a.length;i++)s=a[i],e.source===s.contentWindow&&(s.removeAttribute(\"style\"),\"height\"===t.message?(1e3<(r=parseInt(t.value,10))?r=1e3:~~r<200&&(r=200),s.height=r):\"link\"===t.message&&(r=new URL(s.getAttribute(\"src\")),n=new URL(t.value),c.test(n.protocol))&&n.host===r.host&&l.activeElement===s&&(d.top.location.href=t.value))}},d.addEventListener(\"message\",d.wp.receiveEmbedMessage,!1),l.addEventListener(\"DOMContentLoaded\",function(){for(var e,t,s=l.querySelectorAll(\"iframe.wp-embedded-content\"),r=0;r<s.length;r++)(t=(e=s[r]).getAttribute(\"data-secret\"))||(t=Math.random().toString(36).substring(2,12),e.src+=\"#?secret=\"+t,e.setAttribute(\"data-secret\",t)),e.contentWindow.postMessage({message:\"ready\",secret:t},\"*\")},!1)))}(window,document);\n\/\/# sourceURL=https:\/\/aphasie.org\/wp-includes\/js\/wp-embed.min.js\n<\/script>\n","description":"Galerie de photos Aphasie Treff Luzern excursions 2025 Les excursions avec l&rsquo;Aphasie Treff sont culturelles, vari\u00e9es et instructives. Nous visitons des monast\u00e8res, faisons des randonn\u00e9es dans les Alpes de Suisse centrale et nous faisons raconter des histoires passionnantes lors de diverses visites guid\u00e9es. Les personnes aphasiques, leurs proches et leurs amis sont les bienvenus. Ch\u0153ur [&hellip;]","thumbnail_url":"https:\/\/aphasie.org\/wp-content\/uploads\/2025\/02\/Bild2-300x300.jpg"}

Galerie de photos Aphasie Treff Luzern excursions 2025 Les excursions avec l&rsquo;Aphasie Treff sont culturelles, variées et instructives. Nous visitons des monastères, faisons des randonnées dans les Alpes de Suisse centrale et nous faisons raconter des histoires passionnantes lors de diverses visites guidées. Les personnes aphasiques, leurs proches et leurs amis sont les bienvenus. Chœur [&hellip;]
