{"id":19660,"date":"2025-09-03T14:18:01","date_gmt":"2025-09-03T14:18:01","guid":{"rendered":"https:\/\/aphasie.org\/?page_id=19660"},"modified":"2025-12-17T10:50:17","modified_gmt":"2025-12-17T10:50:17","slug":"evenements-pour-les-proches","status":"publish","type":"page","link":"https:\/\/aphasie.org\/fr\/evenements-pour-les-proches\/","title":{"rendered":"\u00c9v\u00e9nements pour les proches"},"content":{"rendered":"\t\t<div data-elementor-type=\"wp-page\" data-elementor-id=\"19660\" class=\"elementor elementor-19660 elementor-19193\" data-elementor-post-type=\"page\">\n\t\t\t\t\t\t<section class=\"elementor-section elementor-top-section elementor-element elementor-element-2c9fb7b elementor-section-boxed elementor-section-height-default elementor-section-height-default\" data-id=\"2c9fb7b\" data-element_type=\"section\" data-e-type=\"section\" data-settings=\"{&quot;jet_parallax_layout_list&quot;:[{&quot;jet_parallax_layout_image&quot;:{&quot;url&quot;:&quot;&quot;,&quot;id&quot;:&quot;&quot;,&quot;size&quot;:&quot;&quot;},&quot;_id&quot;:&quot;b82f757&quot;,&quot;jet_parallax_layout_image_tablet&quot;:{&quot;url&quot;:&quot;&quot;,&quot;id&quot;:&quot;&quot;,&quot;size&quot;:&quot;&quot;},&quot;jet_parallax_layout_image_mobile&quot;:{&quot;url&quot;:&quot;&quot;,&quot;id&quot;:&quot;&quot;,&quot;size&quot;:&quot;&quot;},&quot;jet_parallax_layout_speed&quot;:{&quot;unit&quot;:&quot;%&quot;,&quot;size&quot;:50,&quot;sizes&quot;:[]},&quot;jet_parallax_layout_type&quot;:&quot;scroll&quot;,&quot;jet_parallax_layout_direction&quot;:&quot;1&quot;,&quot;jet_parallax_layout_fx_direction&quot;:null,&quot;jet_parallax_layout_z_index&quot;:&quot;&quot;,&quot;jet_parallax_layout_bg_x&quot;:50,&quot;jet_parallax_layout_bg_x_tablet&quot;:&quot;&quot;,&quot;jet_parallax_layout_bg_x_mobile&quot;:&quot;&quot;,&quot;jet_parallax_layout_bg_y&quot;:50,&quot;jet_parallax_layout_bg_y_tablet&quot;:&quot;&quot;,&quot;jet_parallax_layout_bg_y_mobile&quot;:&quot;&quot;,&quot;jet_parallax_layout_bg_size&quot;:&quot;auto&quot;,&quot;jet_parallax_layout_bg_size_tablet&quot;:&quot;&quot;,&quot;jet_parallax_layout_bg_size_mobile&quot;:&quot;&quot;,&quot;jet_parallax_layout_animation_prop&quot;:&quot;transform&quot;,&quot;jet_parallax_layout_on&quot;:[&quot;desktop&quot;,&quot;tablet&quot;]}]}\">\n\t\t\t\t\t\t<div class=\"elementor-container elementor-column-gap-default\">\n\t\t\t\t\t<div class=\"elementor-column elementor-col-100 elementor-top-column elementor-element elementor-element-5e8e392\" data-id=\"5e8e392\" data-element_type=\"column\" data-e-type=\"column\">\n\t\t\t<div class=\"elementor-widget-wrap elementor-element-populated\">\n\t\t\t\t\t\t<div class=\"elementor-element elementor-element-2d77deb elementor-widget elementor-widget-heading\" data-id=\"2d77deb\" data-element_type=\"widget\" data-e-type=\"widget\" data-widget_type=\"heading.default\">\n\t\t\t\t<div class=\"elementor-widget-container\">\n\t\t\t\t\t<h1 class=\"elementor-heading-title elementor-size-default\">\u00c9v\u00e9nements pour les proches<\/h1>\t\t\t\t<\/div>\n\t\t\t\t<\/div>\n\t\t\t\t<div class=\"elementor-element elementor-element-6cbc923 elementor-widget-divider--view-line elementor-widget elementor-widget-divider\" data-id=\"6cbc923\" data-element_type=\"widget\" data-e-type=\"widget\" data-widget_type=\"divider.default\">\n\t\t\t\t<div class=\"elementor-widget-container\">\n\t\t\t\t\t\t\t<div class=\"elementor-divider\">\n\t\t\t<span class=\"elementor-divider-separator\">\n\t\t\t\t\t\t<\/span>\n\t\t<\/div>\n\t\t\t\t\t\t<\/div>\n\t\t\t\t<\/div>\n\t\t\t\t<div class=\"elementor-element elementor-element-34d144e elementor-widget elementor-widget-text-editor\" data-id=\"34d144e\" data-element_type=\"widget\" data-e-type=\"widget\" data-widget_type=\"text-editor.default\">\n\t\t\t\t<div class=\"elementor-widget-container\">\n\t\t\t\t\t\t\t\t\t<p><strong>Rencontre des proches<\/strong><br \/>L&rsquo;aphasie n&rsquo;est pas seulement un d\u00e9fi pour les personnes concern\u00e9es, mais aussi pour leurs proches et leurs aidants.<br \/>C&rsquo;est pourquoi nous offrons une possibilit\u00e9 d&rsquo;\u00e9change aux proches et aux aidants de personnes aphasiques.<br \/>La rencontre des proches est une plateforme visant \u00e0 r\u00e9duire le stress et \u00e0 fournir aux proches des outils pour mieux g\u00e9rer la situation.<\/p><p>La prochaine date sera bient\u00f4t disponible sur cette page.<\/p><p>Si vous avez des questions, n&rsquo;h\u00e9sitez pas \u00e0 nous contacter :\u00a0<a href=\"mailto:info@aphasie.org\">info@aphasie.org<\/a>\u00a0<\/p>\t\t\t\t\t\t\t\t<\/div>\n\t\t\t\t<\/div>\n\t\t\t\t\t<\/div>\n\t\t<\/div>\n\t\t\t\t\t<\/div>\n\t\t<\/section>\n\t\t\t\t<\/div>\n\t\t","protected":false},"excerpt":{"rendered":"<p>\u00c9v\u00e9nements pour les proches Rencontre des prochesL&rsquo;aphasie n&rsquo;est pas seulement un d\u00e9fi pour les personnes concern\u00e9es, mais aussi pour leurs proches et leurs aidants.C&rsquo;est pourquoi nous offrons une possibilit\u00e9 d&rsquo;\u00e9change aux proches et aux aidants de personnes aphasiques.La rencontre des proches est une plateforme visant \u00e0 r\u00e9duire le stress et \u00e0 fournir aux proches des [&hellip;]<\/p>\n","protected":false},"author":7,"featured_media":0,"parent":0,"menu_order":0,"comment_status":"closed","ping_status":"closed","template":"","meta":{"footnotes":""},"class_list":["post-19660","page","type-page","status-publish","hentry"],"yoast_head":"<!-- This site is optimized with the Yoast SEO plugin v27.1.1 - https:\/\/yoast.com\/product\/yoast-seo-wordpress\/ -->\n<title>aphasie suisse | \u00c9v\u00e9nements pour les proches<\/title>\n<meta name=\"robots\" content=\"index, follow, max-snippet:-1, max-image-preview:large, max-video-preview:-1\" \/>\n<link rel=\"canonical\" href=\"https:\/\/aphasie.org\/fr\/evenements-pour-les-proches\/\" \/>\n<meta property=\"og:locale\" content=\"fr_FR\" \/>\n<meta property=\"og:type\" content=\"article\" \/>\n<meta property=\"og:title\" content=\"aphasie suisse | \u00c9v\u00e9nements pour les proches\" \/>\n<meta property=\"og:description\" content=\"\u00c9v\u00e9nements pour les proches Rencontre des prochesL&rsquo;aphasie n&rsquo;est pas seulement un d\u00e9fi pour les personnes concern\u00e9es, mais aussi pour leurs proches et leurs aidants.C&rsquo;est pourquoi nous offrons une possibilit\u00e9 d&rsquo;\u00e9change aux proches et aux aidants de personnes aphasiques.La rencontre des proches est une plateforme visant \u00e0 r\u00e9duire le stress et \u00e0 fournir aux proches des [&hellip;]\" \/>\n<meta property=\"og:url\" content=\"https:\/\/aphasie.org\/fr\/evenements-pour-les-proches\/\" \/>\n<meta property=\"og:site_name\" content=\"aphasie suisse\" \/>\n<meta property=\"article:modified_time\" content=\"2025-12-17T10:50:17+00:00\" \/>\n<meta name=\"twitter:card\" content=\"summary_large_image\" \/>\n<meta name=\"twitter:label1\" content=\"Dur\u00e9e de lecture estim\u00e9e\" \/>\n\t<meta name=\"twitter:data1\" content=\"1 minute\" \/>\n<script type=\"application\/ld+json\" class=\"yoast-schema-graph\">{\"@context\":\"https:\/\/schema.org\",\"@graph\":[{\"@type\":\"WebPage\",\"@id\":\"https:\/\/aphasie.org\/fr\/evenements-pour-les-proches\/\",\"url\":\"https:\/\/aphasie.org\/fr\/evenements-pour-les-proches\/\",\"name\":\"aphasie suisse | \u00c9v\u00e9nements pour les proches\",\"isPartOf\":{\"@id\":\"https:\/\/aphasie.org\/#website\"},\"datePublished\":\"2025-09-03T14:18:01+00:00\",\"dateModified\":\"2025-12-17T10:50:17+00:00\",\"breadcrumb\":{\"@id\":\"https:\/\/aphasie.org\/fr\/evenements-pour-les-proches\/#breadcrumb\"},\"inLanguage\":\"fr-FR\",\"potentialAction\":[{\"@type\":\"ReadAction\",\"target\":[\"https:\/\/aphasie.org\/fr\/evenements-pour-les-proches\/\"]}]},{\"@type\":\"BreadcrumbList\",\"@id\":\"https:\/\/aphasie.org\/fr\/evenements-pour-les-proches\/#breadcrumb\",\"itemListElement\":[{\"@type\":\"ListItem\",\"position\":1,\"name\":\"Home\",\"item\":\"https:\/\/aphasie.org\/fr\/home\/\"},{\"@type\":\"ListItem\",\"position\":2,\"name\":\"\u00c9v\u00e9nements pour les proches\"}]},{\"@type\":\"WebSite\",\"@id\":\"https:\/\/aphasie.org\/#website\",\"url\":\"https:\/\/aphasie.org\/\",\"name\":\"aphasie suisse\",\"description\":\"wenn Worte fehlen\",\"publisher\":{\"@id\":\"https:\/\/aphasie.org\/#organization\"},\"potentialAction\":[{\"@type\":\"SearchAction\",\"target\":{\"@type\":\"EntryPoint\",\"urlTemplate\":\"https:\/\/aphasie.org\/?s={search_term_string}\"},\"query-input\":{\"@type\":\"PropertyValueSpecification\",\"valueRequired\":true,\"valueName\":\"search_term_string\"}}],\"inLanguage\":\"fr-FR\"},{\"@type\":\"Organization\",\"@id\":\"https:\/\/aphasie.org\/#organization\",\"name\":\"aphasie suisse\",\"url\":\"https:\/\/aphasie.org\/\",\"logo\":{\"@type\":\"ImageObject\",\"inLanguage\":\"fr-FR\",\"@id\":\"https:\/\/aphasie.org\/#\/schema\/logo\/image\/\",\"url\":\"https:\/\/aphasie.org\/wp-content\/uploads\/2020\/05\/aphasie_Logo-1.svg\",\"contentUrl\":\"https:\/\/aphasie.org\/wp-content\/uploads\/2020\/05\/aphasie_Logo-1.svg\",\"width\":133.599999999999994315658113919198513031005859375,\"height\":68.5,\"caption\":\"aphasie suisse\"},\"image\":{\"@id\":\"https:\/\/aphasie.org\/#\/schema\/logo\/image\/\"}}]}<\/script>\n<!-- \/ Yoast SEO plugin. -->","yoast_head_json":{"title":"aphasie suisse | \u00c9v\u00e9nements pour les proches","robots":{"index":"index","follow":"follow","max-snippet":"max-snippet:-1","max-image-preview":"max-image-preview:large","max-video-preview":"max-video-preview:-1"},"canonical":"https:\/\/aphasie.org\/fr\/evenements-pour-les-proches\/","og_locale":"fr_FR","og_type":"article","og_title":"aphasie suisse | \u00c9v\u00e9nements pour les proches","og_description":"\u00c9v\u00e9nements pour les proches Rencontre des prochesL&rsquo;aphasie n&rsquo;est pas seulement un d\u00e9fi pour les personnes concern\u00e9es, mais aussi pour leurs proches et leurs aidants.C&rsquo;est pourquoi nous offrons une possibilit\u00e9 d&rsquo;\u00e9change aux proches et aux aidants de personnes aphasiques.La rencontre des proches est une plateforme visant \u00e0 r\u00e9duire le stress et \u00e0 fournir aux proches des [&hellip;]","og_url":"https:\/\/aphasie.org\/fr\/evenements-pour-les-proches\/","og_site_name":"aphasie suisse","article_modified_time":"2025-12-17T10:50:17+00:00","twitter_card":"summary_large_image","twitter_misc":{"Dur\u00e9e de lecture estim\u00e9e":"1 minute"},"schema":{"@context":"https:\/\/schema.org","@graph":[{"@type":"WebPage","@id":"https:\/\/aphasie.org\/fr\/evenements-pour-les-proches\/","url":"https:\/\/aphasie.org\/fr\/evenements-pour-les-proches\/","name":"aphasie suisse | \u00c9v\u00e9nements pour les proches","isPartOf":{"@id":"https:\/\/aphasie.org\/#website"},"datePublished":"2025-09-03T14:18:01+00:00","dateModified":"2025-12-17T10:50:17+00:00","breadcrumb":{"@id":"https:\/\/aphasie.org\/fr\/evenements-pour-les-proches\/#breadcrumb"},"inLanguage":"fr-FR","potentialAction":[{"@type":"ReadAction","target":["https:\/\/aphasie.org\/fr\/evenements-pour-les-proches\/"]}]},{"@type":"BreadcrumbList","@id":"https:\/\/aphasie.org\/fr\/evenements-pour-les-proches\/#breadcrumb","itemListElement":[{"@type":"ListItem","position":1,"name":"Home","item":"https:\/\/aphasie.org\/fr\/home\/"},{"@type":"ListItem","position":2,"name":"\u00c9v\u00e9nements pour les proches"}]},{"@type":"WebSite","@id":"https:\/\/aphasie.org\/#website","url":"https:\/\/aphasie.org\/","name":"aphasie suisse","description":"wenn Worte fehlen","publisher":{"@id":"https:\/\/aphasie.org\/#organization"},"potentialAction":[{"@type":"SearchAction","target":{"@type":"EntryPoint","urlTemplate":"https:\/\/aphasie.org\/?s={search_term_string}"},"query-input":{"@type":"PropertyValueSpecification","valueRequired":true,"valueName":"search_term_string"}}],"inLanguage":"fr-FR"},{"@type":"Organization","@id":"https:\/\/aphasie.org\/#organization","name":"aphasie suisse","url":"https:\/\/aphasie.org\/","logo":{"@type":"ImageObject","inLanguage":"fr-FR","@id":"https:\/\/aphasie.org\/#\/schema\/logo\/image\/","url":"https:\/\/aphasie.org\/wp-content\/uploads\/2020\/05\/aphasie_Logo-1.svg","contentUrl":"https:\/\/aphasie.org\/wp-content\/uploads\/2020\/05\/aphasie_Logo-1.svg","width":133.599999999999994315658113919198513031005859375,"height":68.5,"caption":"aphasie suisse"},"image":{"@id":"https:\/\/aphasie.org\/#\/schema\/logo\/image\/"}}]}},"_links":{"self":[{"href":"https:\/\/aphasie.org\/fr\/wp-json\/wp\/v2\/pages\/19660","targetHints":{"allow":["GET"]}}],"collection":[{"href":"https:\/\/aphasie.org\/fr\/wp-json\/wp\/v2\/pages"}],"about":[{"href":"https:\/\/aphasie.org\/fr\/wp-json\/wp\/v2\/types\/page"}],"author":[{"embeddable":true,"href":"https:\/\/aphasie.org\/fr\/wp-json\/wp\/v2\/users\/7"}],"replies":[{"embeddable":true,"href":"https:\/\/aphasie.org\/fr\/wp-json\/wp\/v2\/comments?post=19660"}],"version-history":[{"count":15,"href":"https:\/\/aphasie.org\/fr\/wp-json\/wp\/v2\/pages\/19660\/revisions"}],"predecessor-version":[{"id":20229,"href":"https:\/\/aphasie.org\/fr\/wp-json\/wp\/v2\/pages\/19660\/revisions\/20229"}],"wp:attachment":[{"href":"https:\/\/aphasie.org\/fr\/wp-json\/wp\/v2\/media?parent=19660"}],"curies":[{"name":"wp","href":"https:\/\/api.w.org\/{rel}","templated":true}]}}

Événements pour les proches

<div data-elementor-type="wp-page" data-elementor-id="19660" class="elementor elementor-19660 elementor-19193" data-elementor-post-type="page">
						<section class="elementor-section elementor-top-section elementor-element elementor-element-2c9fb7b elementor-section-boxed elementor-section-height-default elementor-section-height-default" data-id="2c9fb7b" data-element_type="section" data-e-type="section" data-settings="{&quot;jet_parallax_layout_list&quot;:[{&quot;jet_parallax_layout_image&quot;:{&quot;url&quot;:&quot;&quot;,&quot;id&quot;:&quot;&quot;,&quot;size&quot;:&quot;&quot;},&quot;_id&quot;:&quot;b82f757&quot;,&quot;jet_parallax_layout_image_tablet&quot;:{&quot;url&quot;:&quot;&quot;,&quot;id&quot;:&quot;&quot;,&quot;size&quot;:&quot;&quot;},&quot;jet_parallax_layout_image_mobile&quot;:{&quot;url&quot;:&quot;&quot;,&quot;id&quot;:&quot;&quot;,&quot;size&quot;:&quot;&quot;},&quot;jet_parallax_layout_speed&quot;:{&quot;unit&quot;:&quot;%&quot;,&quot;size&quot;:50,&quot;sizes&quot;:[]},&quot;jet_parallax_layout_type&quot;:&quot;scroll&quot;,&quot;jet_parallax_layout_direction&quot;:&quot;1&quot;,&quot;jet_parallax_layout_fx_direction&quot;:null,&quot;jet_parallax_layout_z_index&quot;:&quot;&quot;,&quot;jet_parallax_layout_bg_x&quot;:50,&quot;jet_parallax_layout_bg_x_tablet&quot;:&quot;&quot;,&quot;jet_parallax_layout_bg_x_mobile&quot;:&quot;&quot;,&quot;jet_parallax_layout_bg_y&quot;:50,&quot;jet_parallax_layout_bg_y_tablet&quot;:&quot;&quot;,&quot;jet_parallax_layout_bg_y_mobile&quot;:&quot;&quot;,&quot;jet_parallax_layout_bg_size&quot;:&quot;auto&quot;,&quot;jet_parallax_layout_bg_size_tablet&quot;:&quot;&quot;,&quot;jet_parallax_layout_bg_size_mobile&quot;:&quot;&quot;,&quot;jet_parallax_layout_animation_prop&quot;:&quot;transform&quot;,&quot;jet_parallax_layout_on&quot;:[&quot;desktop&quot;,&quot;tablet&quot;]}]}">
						<div class="elementor-container elementor-column-gap-default">
					<div class="elementor-column elementor-col-100 elementor-top-column elementor-element elementor-element-5e8e392" data-id="5e8e392" data-element_type="column" data-e-type="column">
			<div class="elementor-widget-wrap elementor-element-populated">
						<div class="elementor-element elementor-element-2d77deb elementor-widget elementor-widget-heading" data-id="2d77deb" data-element_type="widget" data-e-type="widget" data-widget_type="heading.default">
				<div class="elementor-widget-container">
					<h1 class="elementor-heading-title elementor-size-default">Événements pour les proches</h1>				</div>
				</div>
				<div class="elementor-element elementor-element-6cbc923 elementor-widget-divider--view-line elementor-widget elementor-widget-divider" data-id="6cbc923" data-element_type="widget" data-e-type="widget" data-widget_type="divider.default">
				<div class="elementor-widget-container">
							<div class="elementor-divider">
			<span class="elementor-divider-separator">
						</span>
		</div>
						</div>
				</div>
				<div class="elementor-element elementor-element-34d144e elementor-widget elementor-widget-text-editor" data-id="34d144e" data-element_type="widget" data-e-type="widget" data-widget_type="text-editor.default">
				<div class="elementor-widget-container">
									<p><strong>Rencontre des proches</strong><br />L&rsquo;aphasie n&rsquo;est pas seulement un défi pour les personnes concernées, mais aussi pour leurs proches et leurs aidants.<br />C&rsquo;est pourquoi nous offrons une possibilité d&rsquo;échange aux proches et aux aidants de personnes aphasiques.<br />La rencontre des proches est une plateforme visant à réduire le stress et à fournir aux proches des outils pour mieux gérer la situation.</p><p>La prochaine date sera bientôt disponible sur cette page.</p><p>Si vous avez des questions, n&rsquo;hésitez pas à nous contacter : <a href="mailto:info@aphasie.org">info@aphasie.org</a> </p>								</div>
				</div>
					</div>
		</div>
					</div>
		</section>
				</div>

<p>Événements pour les proches Rencontre des prochesL&rsquo;aphasie n&rsquo;est pas seulement un défi pour les personnes concernées, mais aussi pour leurs proches et leurs aidants.C&rsquo;est pourquoi nous offrons une possibilité d&rsquo;échange aux proches et aux aidants de personnes aphasiques.La rencontre des proches est une plateforme visant à réduire le stress et à fournir aux proches des [&hellip;]</p>

<!-- This site is optimized with the Yoast SEO plugin v27.1.1 - https://yoast.com/product/yoast-seo-wordpress/ -->
<title>aphasie suisse | Événements pour les proches</title>
<meta name="robots" content="index, follow, max-snippet:-1, max-image-preview:large, max-video-preview:-1" />
<link rel="canonical" href="https://aphasie.org/fr/evenements-pour-les-proches/" />
<meta property="og:locale" content="fr_FR" />
<meta property="og:type" content="article" />
<meta property="og:title" content="aphasie suisse | Événements pour les proches" />
<meta property="og:description" content="Événements pour les proches Rencontre des prochesL&rsquo;aphasie n&rsquo;est pas seulement un défi pour les personnes concernées, mais aussi pour leurs proches et leurs aidants.C&rsquo;est pourquoi nous offrons une possibilité d&rsquo;échange aux proches et aux aidants de personnes aphasiques.La rencontre des proches est une plateforme visant à réduire le stress et à fournir aux proches des [&hellip;]" />
<meta property="og:url" content="https://aphasie.org/fr/evenements-pour-les-proches/" />
<meta property="og:site_name" content="aphasie suisse" />
<meta property="article:modified_time" content="2025-12-17T10:50:17+00:00" />
<meta name="twitter:card" content="summary_large_image" />
<meta name="twitter:label1" content="Durée de lecture estimée" />
	<meta name="twitter:data1" content="1 minute" />
<script type="application/ld+json" class="yoast-schema-graph">{"@context":"https://schema.org","@graph":[{"@type":"WebPage","@id":"https://aphasie.org/fr/evenements-pour-les-proches/","url":"https://aphasie.org/fr/evenements-pour-les-proches/","name":"aphasie suisse | Événements pour les proches","isPartOf":{"@id":"https://aphasie.org/#website"},"datePublished":"2025-09-03T14:18:01+00:00","dateModified":"2025-12-17T10:50:17+00:00","breadcrumb":{"@id":"https://aphasie.org/fr/evenements-pour-les-proches/#breadcrumb"},"inLanguage":"fr-FR","potentialAction":[{"@type":"ReadAction","target":["https://aphasie.org/fr/evenements-pour-les-proches/"]}]},{"@type":"BreadcrumbList","@id":"https://aphasie.org/fr/evenements-pour-les-proches/#breadcrumb","itemListElement":[{"@type":"ListItem","position":1,"name":"Home","item":"https://aphasie.org/fr/home/"},{"@type":"ListItem","position":2,"name":"Événements pour les proches"}]},{"@type":"WebSite","@id":"https://aphasie.org/#website","url":"https://aphasie.org/","name":"aphasie suisse","description":"wenn Worte fehlen","publisher":{"@id":"https://aphasie.org/#organization"},"potentialAction":[{"@type":"SearchAction","target":{"@type":"EntryPoint","urlTemplate":"https://aphasie.org/?s={search_term_string}"},"query-input":{"@type":"PropertyValueSpecification","valueRequired":true,"valueName":"search_term_string"}}],"inLanguage":"fr-FR"},{"@type":"Organization","@id":"https://aphasie.org/#organization","name":"aphasie suisse","url":"https://aphasie.org/","logo":{"@type":"ImageObject","inLanguage":"fr-FR","@id":"https://aphasie.org/#/schema/logo/image/","url":"https://aphasie.org/wp-content/uploads/2020/05/aphasie_Logo-1.svg","contentUrl":"https://aphasie.org/wp-content/uploads/2020/05/aphasie_Logo-1.svg","width":133.599999999999994315658113919198513031005859375,"height":68.5,"caption":"aphasie suisse"},"image":{"@id":"https://aphasie.org/#/schema/logo/image/"}}]}</script>
<!-- / Yoast SEO plugin. -->

aphasie suisse | Événements pour les proches

Événements pour les proches Rencontre des prochesL&rsquo;aphasie n&rsquo;est pas seulement un défi pour les personnes concernées, mais aussi pour leurs proches et leurs aidants.C&rsquo;est pourquoi nous offrons une possibilité d&rsquo;échange aux proches et aux aidants de personnes aphasiques.La rencontre des proches est une plateforme visant à réduire le stress et à fournir aux proches des [&hellip;]
